 o(c) = 3*g(c) + 4*x(c). List the prime factors of o(2).
2, 3, 5
What are the prime factors of 163387/17*(3/(-15) + 16/5)?
3, 7, 1373
Let j be (0 + -6)/(-3) - 67. Let g be (3 + j/15)*3/(-1). Suppose -c + 100 = -3*i, 5*i = -c + g*c - 316. List the prime factors of c.
2, 7
Suppose 57672 + 71948 = 4*n + 5*g, 5*n + 5*g = 162015. List the prime factors of n.
5, 11, 19, 31
Let b = -3701 + 37360. List the prime factors of b.
97, 347
Let u = 183 + -178. List the prime factors of u + (-2 + 3)*-5 - -660.
2, 3, 5, 11
Suppose -5*m - 83*l = -79*l - 65999, m - 13200 = -l. List the prime factors of m.
67, 197
Suppose -9*b = -13*b - 892. Let j = b + 666. What are the prime factors of j?
443
Let p(x) = 11*x**2 + 84*x + 201. List the prime factors of p(-18).
3, 751
Suppose 10*x = 19 + 1. Suppose 2*b = w - 286, 2*b + x = -0. What are the prime factors of w?
2, 71
Let p(w) = 88*w**2 - 15*w - 9. Let t be p(-5). Suppose 0 = 15*c + 331 - t. What are the prime factors of c?
3, 43
Let h(o) = o**2 - 3*o + 6. Let m be h(-4). Let r be m/3 + (-20)/(-30). Suppose -8*d = -r*d + 396. List the prime factors of d.
3, 11
Suppose 6579 = -19*d + 1449. Let v = d - -382. What are the prime factors of v?
2, 7
Let o be 22/6 - (-10)/30. Let z = -71 + 73. Suppose g - 23 = -5*p + o, 2*g - 86 = -z*p. What are the prime factors of g?
47
Let z = -2496 - -1098. Let x be -2 + -1 + (3 - 6). What are the prime factors of z/(-9) - 4/x?
2, 3, 13
Suppose -3595 = -x + 5*j, 0 = -5*x + 4*j + 8435 + 9477. Suppose -q - x = -z + q, 0 = -5*z + 4*q + 17876. What are the prime factors of (-16)/136 + z/17?
2, 3, 5, 7
Let z(c) = 7*c**2 - 61*c - 70. What are the prime factors of z(-10)?
2, 5, 31
Suppose 3*i + 1466823 = 23*i + 13663. List the prime factors of i.
2, 17, 2137
Suppose 848860 = 163*k - 434602. What are the prime factors of k?
2, 31, 127
Let q(c) = -c**3 + 17*c**2 - 15*c - 29. Let f be q(12). Let k = -286 + f. List the prime factors of k.
3, 5
Let b(p) = -6*p - 2*p + 4 - 6*p + 6*p**2 - p**2 + p**3. Let u be b(-7). Suppose u*z - 43 = z + 2*j, -4*z - 5*j = -42. What are the prime factors of z?
13
Suppose -8*z - 22*z + 12*z = -153414. List the prime factors of z.
3, 947
Let f(m) be the first derivative of 14*m**3/3 + 8*m - 25. Let n be f(-7). Suppose 0 = -4*g + 2*i - 0*i + 556, 5*g - n = 2*i. What are the prime factors of g?
2, 3, 23
Let y be (9/(-2))/(30/(-40)). List the prime factors of (-5020)/(-22) + 3*y/(-99).
2, 3, 19
Let q be (-6)/8 - 5/(60/(-9)). List the prime factors of (q + 26)*(-2)/(-4).
13
Suppose -2*g + 3*g = 3*o - 1787, 2*o - 2*g = 1190. Let d = o - 165. What are the prime factors of d?
431
Let k(y) = 13*y - 14. Let t be k(-4). Let f = t + 126. List the prime factors of ((-16)/5 + 4)*f.
2, 3
Let r(g) = 261*g**2 + 2*g - 1. Let w be 0 + 5 - (20 + -16). What are the prime factors of r(w)?
2, 131
Let k(j) = 164*j**2 - 47*j + 3. Let b be k(-9). Suppose -22*d + b = -7*d. What are the prime factors of d?
2, 457
Let u(v) = 5*v**2 + v - 8. Let s be u(4). Suppose -5*h + 74 = -3*x, s = -4*x + 3*h - 8. List the prime factors of (-788)/(-18) + (-4)/x.
2, 11
Suppose -11*p - 143 = -11. Let m be (1 + 2)*p*14/9. Let t = m + 141. What are the prime factors of t?
5, 17
Suppose 0 = -12*o - 37*o + 19551. Suppose 0 = 5*d - q - 5300, d = -3*q + 661 + o. What are the prime factors of d?
2, 5, 53
Let l(o) = 838*o - 18. Let j be l(12). Suppose 7*p = -7*p + j. What are the prime factors of p?
3, 239
Let m = 4785 + -12. List the prime factors of m.
3, 37, 43
Let b = -181 + 84. Let c = b - -99. Suppose -c*u = -109 - 59. List the prime factors of u.
2, 3, 7
Let l be ((-56)/12)/(-3 + (-50)/(-18)). Suppose 5*h + 3*k = 1150, h = -k + 253 - l. List the prime factors of h.
227
Let t(c) = c**3 - 41*c - 25. Let d be t(-6). Suppose -5*n - v + 2351 + 177 = 0, -4*v = d*n - 2537. List the prime factors of n.
5, 101
Suppose -2*f + 52 = 2*t + 16, -5*t + 69 = 4*f. List the prime factors of (-223)/2*(-42)/f.
223
Suppose -253*s = -5205593 - 550663. List the prime factors of s.
2, 3, 79
Let t(w) be the second derivative of -98*w**3/3 + 15*w**2 + 2*w + 1. List the prime factors of t(-2).
2, 211
Suppose 7 = -4*m - 5*c + 3, 4*c = 3*m - 28. Suppose -t - 3469 = -4*h + h, -m*h + 4636 = -4*t. What are the prime factors of h?
3, 5, 7, 11
Let y = 933 + 957. What are the prime factors of y?
2, 3, 5, 7
Let k(r) = -6*r**2 - 14*r + 21. Let v be k(5). Suppose 4*c - 1117 = -4*z + 171, 0 = -3*c + z + 966. Let y = v + c. List the prime factors of y.
3, 41
Suppose 225 = 13*u - 1608. Let j = u - -5. List the prime factors of j.
2, 73
Let t(f) = 13*f - 1. Suppose -14*z = 95 + 157. Let l = z - -33. What are the prime factors of t(l)?
2, 97
Suppose 2*k = 2*c + 52 - 44, k - 4 = -c. Let o(h) = -h + 9. Let j be o(5). Suppose -504 = k*a - 6*a + 3*w, 2*a = -j*w + 476. What are the prime factors of a?
2, 3, 41
Suppose 1419 = 4*m + 531. Suppose -2*q - 72 = -4*x, 6*x + m = -5*q + 2*x. Let a = 48 + q. What are the prime factors of a?
2, 3
Let u(h) = 66*h**3 - 14*h**2 + 9*h - 14. What are the prime factors of u(5)?
7, 11, 103
Let l(t) = 1796*t**2 - 18*t + 34. List the prime factors of l(2).
2, 3, 7, 19
Suppose 2*c = -4*b + 31044, -14*b + 2*c - 23282 = -17*b. What are the prime factors of b?
2, 3881
Let m(a) = -117*a - 45. Let i be 408/(-56) + (-8)/(-28). List the prime factors of m(i).
2, 3, 43
Suppose 0 = -0*c - 3*c + c. Suppose 4*z + 20 = 4*t - c*z, -z = -4*t + 26. Let m(v) = 2*v**2 - 13*v + 1. What are the prime factors of m(t)?
2
Let o(b) = 17*b + 196. Let k(j) = 6. Let p(d) = -k(d) - o(d). List the prime factors of p(-25).
223
Suppose 0 = -22*u - 147 + 15. What are the prime factors of (-1342)/u + (-13)/(-39)?
2, 7
Suppose 6*o + 74 = 20. Let u be 6498/30 - o/(-15). Suppose -10*n + 5*n + 84 = t, 3*t = -3*n + u. List the prime factors of t.
3, 23
Let f(j) = -j**3 + 9*j**2 + 12*j - 13. Suppose 73*q = 71*q + 8. Suppose q*u - 2 = 34. List the prime factors of f(u).
5, 19
Let v(y) = -2*y**2 - 11*y - 8. Let z be v(-4). Suppose w - 3*w - 16 = -2*r, 5*w = 4*r - 35. List the prime factors of w/(-9) + z + (-908)/(-12).
2, 5
Let w = -846 + 848. Suppose 16065 = w*c + 13*c. What are the prime factors of c?
3, 7, 17
Suppose -4*v + 212 = -0*v. Let b = v - 49. Suppose -b*m - d + 41 = -211, 5*m = -3*d + 322. List the prime factors of m.
2, 31
Let d(c) = 655*c + 636. List the prime factors of d(13).
9151
Let b(l) = -3*l + 46 + 41 - 4*l + 14 - 149. Suppose -3*k - 9 - 18 = 0. What are the prime factors of b(k)?
3, 5
Suppose -10*i = 742 - 832. What are the prime factors of ((-3)/i)/((-6)/(1454 - -4))?
3
Suppose 16 = -90*l + 94*l. Suppose 6*n = n + 2*i + 2479, 1976 = 4*n - l*i. What are the prime factors of n?
7, 71
What are the prime factors of 1009930/184 - 6/8?
2, 7
Let f = -88 - -161. Let i = 141 - f. Suppose 0 = -2*l + 2*z + 66, z + 2*z + i = 2*l. List the prime factors of l.
31
Let b(f) = 24*f - 36. Let g be b(6). Suppose -12*z - g = -18*z. Suppose -20*s + 154 = -z*s. What are the prime factors of s?
7, 11
Let l(s) be the second derivative of 205*s**3/3 - 2*s**2 - 33*s. Let j be l(2). Suppose 8*n - 1560 = j. What are the prime factors of n?
3, 11
Suppose -2*l - 4*n = 2850, -5*n = 3*l + 1018 + 3257. Let g = 3229 + l. List the prime factors of g.
2, 11, 41
What are the prime factors of (-1 + -2 - (-89193)/26)*(-7 + 9)?
3, 5, 457
Let p(a) = 3*a - 4*a + 21*a - 5. List the prime factors of p(8).
5, 31
Let u = 98 + -9. Let a = 156 - u. Let c = 151 - a. What are the prime factors of c?
2, 3, 7
Suppose -v - 42 + 42 = 0. Let c = v + -4. List the prime factors of (-6 - c)/(2/(-112)).
2, 7
Suppose -5*m + 11173 = -4*k, 2*m = -27*k + 22*k + 4489. What are the prime factors of m?
2237
Let l(u) = 29*u**2 + 38*u + 91. What are the prime factors of l(47)?
2, 32969
Suppose 3*a - 1479 = -2*z, 5*z - 3669 = -a + 3*a. Suppose -3*s = -15*k + 17*k - z, 0 = 4*k - 3*s - 1479. List the prime factors of k.
3, 41
What are the prime factors of (-1)/14 - (-7 + (4904065/14)/(-5))?
3, 5, 173
Let f be 11096 + 3 + (-18)/(-6). Suppose -12*g + 26*g = f. List the prime factors of g.
13, 61
Suppose 9*b - 372 = -1353. Let c = b - -116. Suppose 169 = c*m - 1315. List the prime factors of m.
2, 53
Let k(f) = 3*f**2 - 154*f + 428 + 310*f - 157*f. List the prime factors of k(0).
2, 107
Let p(j) = 2*j**3 - 120*j**